 Is ((-514)/6)/((-1)/s) composite?
False
Is (1 - 107)*2/(-4) prime?
True
Let l = -7 - -12. Suppose -l*t = 4*r - 341, -101 = -r + 5*t - t. Is r composite?
False
Suppose z = 2*l - 5032, -2*l + 3*l + 4*z - 2507 = 0. Is l a composite number?
True
Suppose -40 = -5*s - 10. Let w(y) = -s + 0 + 2*y - 7 + 4*y. Is w(10) a prime number?
True
Suppose -4*d + 727 = -901. Is d a composite number?
True
Let c(d) = -14*d - 10. Is c(-4) a composite number?
True
Let m(z) = -68*z - 4 + 1 + 4. Let w be (1 + 0)*(-5 + -1 - -5). Is m(w) a prime number?
False
Let s = 96 + -48. Let k = -13 + 15. Let v = s - k. Is v a prime number?
False
Suppose 0 = -3*f + 496 + 65. Is f prime?
False
Let r(d) = 46*d**2 - d + 1. Suppose 2*l = -2*w - 3 - 9, -12 = 3*w. Is r(l) a prime number?
False
Let k(v) = -38*v + 3. Let b(z) = -76*z + 5. Let m(a) = -2*b(a) + 5*k(a). Let c(t) = -25*t + 3. Let s(j) = 8*c(j) - 5*m(j). Is s(-5) a composite number?
True
Let i = 796 - 295. Is i a composite number?
True
Let x = 16 + 4. Suppose -6*y + y = -x. Is ((-67)/(-2))/(2/y) composite?
False
Suppose u = 2*u + 3*n - 62, u + 4*n = 66. Suppose 345 = 5*r - u. Is (-4)/2*r/(-2) composite?
False
Suppose l = 3*b + 3*l + 5, 4*b + 4*l + 12 = 0. Let y = b + -1. Suppose y = 3*r - 0 - 69. Is r a prime number?
True
Let z(k) = k**2 + k + 9. Let u(v) = -v**2 + v + 7. Let p be u(0). Let l be z(p). Suppose -l = -r - 4*r. Is r prime?
True
Is 2/3 - 10700/(-60) composite?
False
Suppose 14*h - 16757 = 10*h + 3*o, 20960 = 5*h - o. Is h composite?
True
Let l(b) = b + 8. Let w(a) = 6*a + 41. Let c(f) = 11*l(f) - 2*w(f). Let r be c(4). Suppose -x - v = -47, 5*x - r*v = -v + 259. Is x a composite number?
True
Let z be (-4 - -9)*(-137)/(-5). Suppose -5*p + 2118 = -z. Is p prime?
False
Suppose 5*f - 123 - 92 = 0. Is f prime?
True
Suppose 0 = i + 16 + 1. Let x = i + 96. Is x composite?
False
Suppose -17 = -4*h - 3*y, 5*h - 22 - 2 = -y. Suppose -16 = h*z - 81. Suppose 0 = -3*s + 2*s + z. Is s prime?
True
Let w = 1 + 2. Let p = 0 + w. Is p a composite number?
False
Suppose 0 = 3*z - 197 - 223. Let x = z + 45. Is x a composite number?
True
Suppose -3*f + 140 = -f. Suppose 4*m + f = 550. Suppose 5*h = 5*v - m, -2*h = 5*v - 187 + 60. Is v a prime number?
False
Let i be 1*(1 + 2*3). Let g be (-2)/(-6) - (-55)/33. Suppose -g*h = -i*h + 245. Is h composite?
True
Suppose 5*i - 6 = -b - 34, -2*i - 48 = 5*b. Suppose -5*v - 8 = -3*h, 32 = -2*h - h - 5*v. Is h/b*(0 + 142) prime?
True
Is 4/10 + (-906)/(-10) a composite number?
True
Let r = 291 + -172. Is r a prime number?
False
Suppose -y + v + 7 = 0, 4*v + 26 = 2*y + y. Is y/1 + 5/5 a composite number?
False
Let z be (4 + -2)/2*2. Suppose 21 = f + z*f. Let d = f - 4. Is d prime?
True
Suppose -2*q = -98 + 26. Let v be (-97)/(-2)*4/2. Let r = q + v. Is r composite?
True
Suppose -950 + 309 = -n. Is n a prime number?
True
Let y(g) = 39*g**2 + g. Let v be y(1). Is (-634)/(-8) - 10/v prime?
True
Let p(a) = a + 1. Let n be p(4). Let u(i) be the second derivative of -i**5/20 + 3*i**4/4 - i**3/2 - 3*i**2 - 4*i. Is u(n) a prime number?
True
Let m = -42 - -34. Let t(a) = -5*a**3 + 8*a**2 + 2*a + 3. Let f(w) = -w**3 + w. Let x(g) = -6*f(g) + t(g). Is x(m) a prime number?
False
Let t be 5*-1*(-36)/15. Is (-3)/t - 861/(-4) composite?
True
Let m(t) = 49*t**2 + 7*t - 1. Is m(-3) a prime number?
True
Let z(r) = -10*r - 7. Let p be -4*(-1 + 57/12). Let q = 9 + p. Is z(q) composite?
False
Let i(a) = a - 1. Let w = 29 + -21. Is i(w) a prime number?
True
Suppose -51 = -4*x - 7. Suppose -82 = -w + x. Is w a prime number?
False
Let t(j) = j**3 + 4*j**2 - j. Let i be t(-3). Is 2*(-130)/i*-3 composite?
True
Let b(i) be the third derivative of 5*i**4/3 - i**3/3 + 2*i**2. Let g be b(4). Suppose -v = v - g. Is v a prime number?
True
Let q(f) = f**3 + 2*f**2 - 6*f - 2. Let o be q(-4). Let t be (186/o)/((-6)/30). Let b = t - 28. Is b prime?
False
Let c(v) = -8*v + 4. Let h(x) = -x**3 + 5*x**2 - 6*x + 1. Let p be h(4). Let u be c(p). Let r = u + -35. Is r a prime number?
False
Let m(h) = 5*h**2 - 8*h - 10. Is m(7) a prime number?
True
Let a(o) = 31*o**2 - 2*o + 1. Is a(2) composite?
True
Let n be 639/(-4) - 1/4. Let o = n + 323. Is o a composite number?
False
Let s be 0/(-3 - -2 - 1). Let f = 58 + s. Is f composite?
True
Let p = 397 - 140. Is p a prime number?
True
Suppose w - 3*b = 1334, 0 = 5*w + 4*b - 2*b - 6687. Is w prime?
False
Let h be ((-4)/(-3))/(8/12). Let y = h - 7. Let a = 8 + y. Is a a composite number?
False
Suppose -f + 4434 = 3*k + 2*f, 3*k - 3*f - 4428 = 0. Is k a prime number?
False
Suppose 0 = a + 4*a + 30. Let r be 2*(1 + a/4). Is r/3 - 40/(-3) a composite number?
False
Let w = -23 + 109. Let t = w - -8. Is t a composite number?
True
Suppose 0 = -5*o + o - 16, -15 = -m + 3*o. Is (188/(-3))/((-2)/m) prime?
False
Let z be 203 + 1 + (0 - -3). Suppose 16 = 4*v, -2*j + 7 = j - 2*v. Suppose -j*s + z = -s - 5*w, s - 55 = -2*w. Is s prime?
True
Let r = 271 - -270. Is r a prime number?
True
Suppose -4*p = -2 - 14. Is (10/p - 2)*674 prime?
True
Let u be (-202)/22 - (-4)/22. Let f = u - -11. Suppose 3*p - 523 = 3*q - 5*q, f*q - 169 = -p. Is p a prime number?
False
Let d(r) = r**3 - 3*r**2 + 2*r - 4. Let q(y) = -y. Let a be q(-3). Let i be d(a). Suppose -3*b + 12 = 0, -15 = -i*g - 3*b + 59. Is g a prime number?
True
Let j = -27 + 41. Is j a composite number?
True
Let u(g) = -188*g + 37. Is u(-11) a prime number?
False
Suppose 251 = 4*y - 1377. Is y a prime number?
False
Let j(t) = -13*t - 2. Let l be j(-1). Let y = l - -12. Is y prime?
True
Let m(a) = -a**3 - 6*a**2 + 8*a + 12. Suppose 4*r + 30 + 6 = 0. Is m(r) prime?
False
Is -3*((-3 - -3) + (-787)/3) composite?
False
Let a(t) = -t**3 + 15*t**2 - 7*t + 16. Is a(13) a prime number?
True
Suppose 0 = -2*y + 1045 + 573. Is y prime?
True
Let u = 128 - -47. Suppose 29 + u = 4*b. Is b composite?
True
Suppose 5*z - 3*p = 5940, 4*z - 2704 - 2056 = 4*p. Suppose -w - 4*w + z = 0. Is w a composite number?
True
Suppose 5*m - 120 = m - 4*s, 145 = 4*m - s. Is m a composite number?
True
Let m = 6580 + -3951. Is m prime?
False
Let a(m) = -m**2 + m - 1. Let y(o) = -7*o + 8. Let g(i) = -5*a(i) - y(i). Let l be 0 - 1 - (-3)/1. Is g(l) composite?
True
Let w = 1034 + -705. Is w prime?
False
Let i be ((-2)/(-3))/(3/18). Let o(w) = 6*w**3 + 3*w**2 - 4*w - 3. Is o(i) prime?
False
Suppose -3*i + 4*n = -98, 30 = -i + 2*i - 4*n. Suppose i + 26 = 3*d. Is (-5)/d + (-333)/(-4) prime?
True
Let h = 210 - 23. Is h a composite number?
True
Suppose 4*t - 5*v = 835, 2*v + 467 = 5*t - 564. Is t prime?
False
Let m(s) = 6*s**2 - 5*s + 56. Is m(-15) prime?
True
Let k(f) be the third derivative of f**5/12 - f**4/8 + f**2. Let u be k(2). Suppose 3*w - 92 + u = 0. Is w prime?
False
Is 2/4*-3*(-382)/3 a prime number?
True
Let o = 14 - 11. Suppose -5*f + 6*f = 3. Suppose -3*a + o*h + h = -399, -133 = -a + f*h. Is a composite?
True
Suppose -6*n = -7*n + 74. Is n composite?
True
Suppose 6*i = 3*i + 18. Is ((-1719)/27)/((-2)/i) composite?
False
Let q = 2980 - 1425. Is q composite?
True
Suppose 2*h - 2*v = 16, -3*h + 3 + 15 = 3*v. Is h a composite number?
False
Let z(h) = -2*h**3 - 7*h**2 - 3*h - 3. Let t be (1 + -6)/((-1)/(-1)). Let q be z(t). Suppose m + 0*m = 4*g - q, -g - 2*m = -15. Is g a composite number?
True
Suppose 3*o - 498 = -3*o. Is o a composite number?
False
Suppose 0 = -2*r - 51 - 75. Let h = 218 + r. Is h composite?
True
Let a be (0 + -1 - -2)*-4. Let r be (-1 - a)*(-16)/12. Let g(k) = -2*k**3 - 3*k**2 + k + 1. Is g(r) a composite number?
True
Let c = 5187 + -1696. Is c prime?
True
Suppose -h = 4*y - 207, -4*h + 3*y - 2*y = -811. Is h a composite number?
True
Let b(r) = -106*r + 5. Is b(-9) prime?
False
Let h(c) = c**3 - 10*c**2 - 4*c + 13. Let d = 15 - 6. Let s be h(d). Let y = s - -265. Is y a prime number?
False
Let u = 33 - 10. Is u a composite number?
False
Suppose -1735 = -7*u + 2*u. Is u prime?
True
Let d be 77/(-7) - 3/(-1). Let n(k) = k**2 - 4*k - 6. Let w be n(d). Suppose -63 = -3*z + w. Is z composite?
True
Suppose -5*f = 3*o - 3758, -5*o = 2*f - 75 - 1432. Is f composite?
False
Suppose -2*j = -2*v - 166, -422 = 5*v - 0*v + 2*j. Let s = 163 + v. Is s prime?
True
Let b(d) = 3*d**3 - d**2 - d - 4. Is b(2) a prime number?
False
Is (10941/(-6))/((-5)/10) a composite number?
True
Let b be (-